late y(x).
-15
Let r(l) = l + 0*l - 16 + 0*l + 12. What is r(4)?
0
Let d be (1 + 1)/((-4)/6). Let i be 2/(-5) + (-34)/(-10). Let w(n) = -2*n + 1 + i*n + 1. Determine w(d).
-1
Let f(g) = -2*g**3 + 2*g**2 - g + 1. Suppose -2*y - 4*c + 6 = -5*y, -y - 4 = -2*c. Determine f(y).
-9
Let j(f) = -f + 18. Let o be j(14). Let r(h) = -h**3 + 5*h**2 - 2*h - 1. Give r(o).
7
Let z(u) = 6*u**2 - 3*u - 2. Let d(k) = k**2. Let x(c) = 2*c - 5. Let r be x(0). Let p(l) = r*d(l) + z(l). Determine p(3).
-2
Let m(n) = -n**3 + 10*n**2 - 7*n + 9. Let v(j) = j**2 - j + 1. Let u(i) = -m(i) + 6*v(i). Determine u(3).
-9
Let o(j) = j - 12. Let n = -7 - -14. Let p be o(n). Let a(m) = -m**2 - 4*m + 7. Calculate a(p).
2
Let l be 8/(-16)*(-4 + 3 - -1). Let z(r) be the second derivative of -1/20*r**5 + 1/12*r**4 + 1/6*r**3 + 2*r + 0 - 4*r**2. Determine z(l).
-8
Let h(f) be the first derivative of -1/2*f**2 + 4 - 2*f. Determine h(5).
-7
Let j(q) = -q**2 + q + 4. Suppose 2*y - 2 = -0*y. Suppose 4*d - 5*n = -119, d + 5*n + 12 = y. Let f be 6/(-15) + d/10. Determine j(f).
-8
Let v be (-5)/(-20) - 150/(-8). Let l(y) = v*y**2 - 18*y**2 - y + y. What is l(-1)?
1
Let i(q) be the first derivative of -q**2/2 - 2*q + 1. Let d(l) = -3*l - 20. Let a be d(-6). Determine i(a).
0
Let p(n) = 0*n + 0*n + n. Determine p(-1).
-1
Let t(k) = -k**2 - 4*k + 3. Let o(j) = -7*j - 6. Let v be o(-3). Let z = v - 19. Determine t(z).
3
Let z(n) = -2*n**2 + 0*n - n + n**2. Suppose 0*h + 2 = h. Suppose 4*j = -2*k - 0*j + 2, -h*k = 2*j + 2. What is z(k)?
-6
Let d(b) = b + 1. Let a be ((-8)/(-10))/(3/45). Let x be a/20 - 44/(-10). Calculate d(x).
6
Let n(y) = -y**2 - 5*y + 6. Let g be 1/2 - 5/(-10). Let r be ((-10)/(-6))/(g/(-3)). What is n(r)?
6
Let o(v) be the first derivative of v**4/4 + v**3 - 3*v**2 - 4*v - 11. Determine o(-4).
4
Let x = -33 - -36. Let c = -19 - -10. Let g = x + c. Let j(b) = b**2 + 6*b. Calculate j(g).
0
Let p(q) = -q - 4. Let b be p(-5). Let g(f) = 1. Let k(c) = -c**2. Let w(x) = b*k(x) + g(x). Determine w(0).
1
Let z(i) be the second derivative of 2*i**2 - 1/60*i**5 + 0 + 1/24*i**4 + 2*i + 1/3*i**3. Let c(q) be the first derivative of z(q). Determine c(-2).
-4
Suppose i - 14 = 3*i. Let w be 2/i - 4/(-14). Suppose w = 3*n + 6, 4*x = 3*x + 3*n + 8. Let a(q) = q**2 - 2*q + 3. Calculate a(x).
3
Let y(v) = 3*v**2 - 5*v + 3. Suppose -14*x = -28 - 28. Give y(x).
31
Let p(m) be the first derivative of 5*m - 7/2*m**2 + 1/3*m**3 - 1. Let k(b) = b**2 - 8*b + 6. Let i(r) = -3*k(r) + 4*p(r). What is i(3)?
-1
Let h be 5/2*(-8)/(-10). Let a(q) = 2*q**2 - q - 1. What is a(h)?
5
Let s(b) be the first derivative of 3*b**2/2 - 6*b + 35. Let l be (1/3)/((-2)/(-30)). Calculate s(l).
9
Let t be (9/(-12))/((-2)/8). Suppose 2*h - 10 = -t*h. Suppose -u + 5 = -4*q, -3*q - h*u = -4*u. Let s(m) = 2*m**2 + m + 2. Calculate s(q).
8
Let n(x) = -15*x + 12*x + 1 + 0 + 5 + x**2. Determine n(5).
16
Let b(v) = 1. Let q(l) = -2*l**2 - 5*l + 2. Let y(i) = 2*b(i) + q(i). What is y(-4)?
-8
Let c(m) = m**2 - 5*m - 2. Suppose -4*p - 2*z + 15 + 17 = 0, 8 = 2*z. Determine c(p).
4
Let o(f) = -f**2 - f - 2. Let p be (-4)/8*-2 + -6 + 2. What is o(p)?
-8
Let c(b) be the second derivative of b + 1/3*b**3 + 0 + b**2. Let w = -4 - 0. Determine c(w).
-6
Let d = 18 + -13. Let m = d - 2. Let n(l) = -l**2 + 3*l - 2. Give n(m).
-2
Let f(b) = -b**3 + 3*b**2 + 4*b - 3. Let y(u) be the first derivative of -u**3/3 + 4*u**2 - 8*u - 3. Let n be y(6). Calculate f(n).
-3
Let u be (2 - (1 - 0))*1. Let g(t) be the first derivative of 3*t**2 + t - 22. What is g(u)?
7
Let c(t) = -2*t + 2. Let q be c(0). Let i(l) be the second derivative of -2*l - 1/3*l**3 + 3*l**q + 0. What is i(4)?
-2
Let i = 4 + -6. Let l(f) = f**3 - 2*f**2 + 1. Let v be l(2). Let z be -1*v/i*-2. Let j(k) = -3*k**2 - k. What is j(z)?
-2
Let l(z) = z**2 + 4*z - 2. Suppose c - 12 = 4*c. What is l(c)?
-2
Let s(n) = -n**3 - 5*n**2 - n. Let p = 7 - 7. Suppose -z - 5 = -p*z. Let m be s(z). Let q(f) = -f**3 + 5*f**2 - f + 7. Calculate q(m).
2
Let o(u) = 5*u - 2. Suppose 2*s = 6*s - 56. Suppose 2 = x - 3*w - 12, -5*x + s = -w. Calculate o(x).
8
Let z = -26 + 28. Let p(a) = -a**z - 4*a + a**2 + a**2 + 6. Calculate p(4).
6
Let w(j) = j + 1. Suppose 0 = 2*m + 8. What is w(m)?
-3
Let s(c) = 4*c + 1. Let v be s(-1). Let z(m) = -m**3 - 4*m**2 - 3*m + 4. What is z(v)?
4
Let r(g) = 26*g**2 + 28*g**2 - 53*g**2. Calculate r(-2).
4
Suppose -3*f - 2*v - 1 = -10, 2*f + 4*v - 6 = 0. Let q be (-3)/18*4*f. Let r(g) = -g**3 - 4*g**2. Give r(q).
-8
Suppose -2*z = v + 3*z + 11, 11 = -3*v - 4*z. Let s(o) = -10*o**2 + o. Determine s(v).
-11
Let m(k) = k - 10. Let w be m(7). Let y(a) = 3*a + 4. Suppose -5*j + 4 = -11. Let u(i) = -3*i - 5. Let l(q) = j*y(q) + 2*u(q). Calculate l(w).
-7
Let c(p) = 3*p - 1 - 2 + 0*p. Determine c(-4).
-15
Let b(u) = -u + 3. Let o(r) = -r + 2. Let h(y) = -2*b(y) + 3*o(y). Let a(n) = -n + 7. Let j(z) = -a(z) + 2*h(z). What is j(-6)?
-1
Let a(u) = -u + 3. Let q(m) = -m**3 + 5*m**2 - 2*m - 4. Let h be q(3). Give a(h).
-5
Let w(p) = p + 9. Let j be (-1 + 3)*5/10. Suppose 0 = -2*m + 5*u + 5, 3*u + j = m - 1. Suppose h = m*z - 1, -1 = 4*z + h - 0. Determine w(z).
9
Let l(v) = -v**3 - 5*v**2 - 5*v + 1. Let q be l(-4). Let x(y) = -y**3 + 6*y**2 - 5*y + 5. Determine x(q).
5
Let v(g) = -g**3 - 6*g**2 - 5*g + 1. Suppose -r = r - 64. Let p = -23 + r. Let d be (-43)/p - (-4)/(-18). What is v(d)?
1
Suppose 43 = 4*u + 7. Let p(g) = g**2 - 10*g + 13. Give p(u).
4
Let o(g) = -2*g**2 + 2*g + 4*g**2 + g - g**2. Calculate o(-5).
10
Let q(r) = 2 + 3 + 0 - 4 - 10*r. What is q(-1)?
11
Let r be (-22)/(-4) + -2*9/36. Let x(h) = 3*h - 1 + 5*h**2 + 0 - 1 - h**3. Determine x(r).
13
Let m(b) = b**3 + 6*b**2 + 6*b + 6. Let o be m(-5). Let r be (-6)/(-10) + 2/5. Let w(y) = -7*y - 1 + r + 1 + 0. Give w(o).
-6
Let b(t) = -5*t**3 + t**2 - 1. Suppose 2*f + 2 = 3*o, -o - 4 = 3*f + f. What is b(f)?
5
Let f be 0/((2 + -3)*-1). Suppose -m - 5 = -f*m. Let p(c) = -c**3 - 6*c**2 - 4*c + 5. Give p(m).
0
Suppose 1 = 3*q - 2*p + 14, -2*q = 4*p - 2. Let o(c) = -3*c - 2. Give o(q).
7
Let v(u) be the first derivative of -3*u**2 + 4. What is v(1)?
-6
Let r(g) = -2 - g + 4 - 3 + 3. Determine r(5).
-3
Let l(r) be the second derivative of r**3/6 + r**2/2 + 3*r. Let z be l(3). Let y(u) = -z*u + 3*u - 2*u + 1. What is y(4)?
-11
Let y(d) be the third derivative of d**5/60 - 7*d**4/24 + d**3/2 + 6*d**2. Calculate y(6).
-3
Let s(k) = 2*k. Let z be s(1). Let p(j) = 14*j - z*j + j**2 - 6*j. Give p(-3).
-9
Let c(v) be the third derivative of v**6/120 - v**5/60 - v**2. Let k be c(1). Let g(l) = -l + 5 - 2 + 0*l. Calculate g(k).
3
Let h(u) = 5*u**3 - 10*u**2 + 7*u - 1. Let k(q) = -2*q**3 + 5*q**2 - 4*q. Suppose 0 = 4*z + z + 35. Let x(n) = z*k(n) - 3*h(n). Determine x(-6).
-3
Let l be (-21)/30 + 4/(0 + 4). Let m(v) be the second derivative of -l*v**5 - 2*v + 1/6*v**3 + 1/12*v**4 + 0*v**2 + 0. Give m(-1).
6
Let h(m) = m**2 + m - 4. Let w(j) = j - 1. Let x be w(5). Suppose 0 = -2*k + 5*l + x, 2 = k - 5*l + l. Suppose k*y + y = 0. Determine h(y).
-4
Suppose c - 10 = -h, h + 19 + 11 = 4*c. Let w be 7/2 + (-4)/c. Suppose 4 = -w*u + 13. Let z(x) = -x + 4. Give z(u).
1
Suppose -20 = -5*f + c, 5*f = -4*c - 16 + 61. Let o(d) = d - f*d**3 + 4*d**3 + 1 + 6*d + 2*d**3 + 6*d**2. Determine o(-5).
-9
Suppose -2*l = 2*l. Let h(c) = 0*c**3 + 4 - 5*c**2 - 2*c + l*c**3 + c**3. Let x = 9 - 4. Calculate h(x).
-6
Let f(x) = x**3 + x**2 + 4. Let u be f(-2). Let j(h) = 4*h**3 + h**2 - 3 - h - 5*h**3 - 3. Determine j(u).
-6
Let n(k) = k - 4. Let d be (-26)/(-8) + 3/4. Determine n(d).
0
Let q(t) be the third derivative of t**5/60 - t**4/8 - 2*t**3/3 + t**2. Give q(3).
-4
Let k(v) = v**3 - 8*v**2 + v - 8. Suppose -13*u = -3*u - 80. Calculate k(u).
0
Let x(l) = l**2 + 4*l - 4. Let s be x(-5). Let v(y) = -1 + 4*y - y + 2*y + y. What is v(s)?
5
Let w = -13 + 15. Let b(p) be the first derivative of -w - 1/3*p**3 + 0*p - p**2. Calculate b(-1).
1
Let d(l) be the third derivative of l**6/120 - l**5/15 + l**4/24 - l**3/3 - 11*l**2. Calculate d(3).
-8
Let v(d) = -2*d**2 - 2*d + 2. Let h = -11 + 14. Suppose 3*u = h*a, 2 = 5*a + 12. Determine v(u).
-2
Let o(t) = t - 8 - t**2 + 2 + 9. Calculate o(-3).
-9
Let s(l) = -l**3 + 3*l**2 + 5*l - 3. Let r(a) be the third derivative of a**5